{"id":3754,"date":"2018-09-02T19:30:23","date_gmt":"2018-09-02T17:30:23","guid":{"rendered":"http:\/\/gymvolontairesedanaise.com\/wp\/?page_id=157"},"modified":"2022-01-30T17:49:39","modified_gmt":"2022-01-30T16:49:39","slug":"accueil-2","status":"publish","type":"page","link":"https:\/\/gymvolontairesedanaise.com\/gvs\/","title":{"rendered":"Accueil"},"content":{"rendered":"\n<h1 class=\"has-text-align-center home_titre wp-block-heading\" id=\"gym-volontaire-sedanaise\" style=\"font-size:45px;line-height:1.5\"><strong>G<\/strong>ym Volontaire Sedanaise<\/h1>\n\n\n\n<h2 class=\"has-text-align-center home_bienvenue has-extra-large-font-size wp-block-heading\" id=\"bienvenue\" style=\"line-height:1.7\"><strong>Bienvenue<\/strong><\/h2>\n\n\n\n<div style=\"height:31px\" aria-hidden=\"true\" class=\"wp-block-spacer\"><\/div>\n\n\n\n<div class=\"wp-block-columns tableau_home is-layout-flex wp-container-2\">\n<div class=\"wp-block-column is-layout-flow\">\n<div class=\"alignwide wp-block-ugb-feature-grid ugb-feature-grid boutonhome ugb-a2329e4 ugb-feature-grid--v2 ugb-feature-grid--columns-4 ugb-feature-grid--design-basic ugb-main-block\"><style>.ugb-a2329e4 .ugb-feature-grid__item{border-radius:16px !important}.ugb-a2329e4 .ugb-feature-grid__title{color:#0088ff;font-size:25px !important;font-weight:700 !important;text-align:center;margin-bottom:30px !important}.ugb-a2329e4 .ugb-feature-grid__description{text-align:center;margin-bottom:30px !important}.ugb-a2329e4 .ugb-button .ugb-button--inner{font-family:-apple-system,BlinkMacSystemFont,\"Segoe UI\",Roboto,Helvetica,Arial,sans-serif,\"Apple Color Emoji\",\"Segoe UI Emoji\",\"Segoe UI Symbol\" !important;font-size:18px !important;font-weight:600 !important}.ugb-a2329e4 .ugb-button{opacity:1}.ugb-a2329e4 .ugb-button:hover{opacity:1}.ugb-a2329e4 .ugb-button-container{text-align:center !important;margin-bottom:0px !important}.ugb-a2329e4 .ugb-inner-block{text-align:center}@media screen and (min-width:768px){.ugb-a2329e4.ugb-feature-grid{margin-top:0px !important}}<\/style><div class=\"ugb-inner-block\"><h3 class=\"ugb-block-title\">La GVS, c&rsquo;est &#8230;<\/h3><div class=\"ugb-block-content\"><div class=\"ugb-feature-grid__item ugb-feature-grid__item1 ugb--shadow-3\"><div class=\"ugb-feature-grid__content\"><h5 class=\"ugb-feature-grid__title\">Une activit\u00e9 sportive <br>adapt\u00e9e<\/h5><p class=\"ugb-feature-grid__description\">Association cr\u00e9\u00e9e en 1970, plus de 400 adh\u00e9rent(e)s.<\/p><div class=\"ugb-button-container\"><a class=\"ugb-button ugb-button--size-medium ugb--hover-effect-scale ugb-button--design-plain\" href=\"https:\/\/gymvolontairesedanaise.com\/gvs\/association\/\" rel=\"\" title=\"\"><span class=\"ugb-button--inner\">Conna\u00eetre l&rsquo;association<\/span><\/a><\/div><\/div><\/div><div class=\"ugb-feature-grid__item ugb-feature-grid__item2 ugb--shadow-3\"><div class=\"ugb-feature-grid__content\"><h5 class=\"ugb-feature-grid__title\">Des cours<br>diversifi\u00e9s<\/h5><p class=\"ugb-feature-grid__description\">Le choix parmi une vingtaine d&rsquo;activit\u00e9s accompagn\u00e9es par des animateurs et animatrices exp\u00e9riment\u00e9(e)s<\/p><div class=\"ugb-button-container\"><a class=\"ugb-button ugb-button--size-medium ugb--hover-effect-scale ugb-button--design-plain\" href=\"https:\/\/gymvolontairesedanaise.com\/gvs\/activites\/\" rel=\"\" title=\"\"><span class=\"ugb-button--inner\">D\u00e9couvrir les activit\u00e9s<\/span><\/a><\/div><\/div><\/div><div class=\"ugb-feature-grid__item ugb-feature-grid__item3 ugb--shadow-3\"><div class=\"ugb-feature-grid__content\"><h5 class=\"ugb-feature-grid__title\">Une ambiance conviviale<\/h5><p class=\"ugb-feature-grid__description\">D\u00e9couvrez le planning des animations<\/p><div class=\"ugb-button-container\"><a class=\"ugb-button ugb-button--size-medium ugb--hover-effect-scale ugb-button--design-plain\" href=\"https:\/\/gymvolontairesedanaise.com\/gvs\/planning\/\" rel=\"\" title=\"\"><span class=\"ugb-button--inner\">Planning des cours<\/span><\/a><\/div><\/div><\/div><div class=\"ugb-feature-grid__item ugb-feature-grid__item4 ugb--shadow-3\"><div class=\"ugb-feature-grid__content\"><h5 class=\"ugb-feature-grid__title\">Un tarif accessible<\/h5><p class=\"ugb-feature-grid__description\">N&rsquo;h\u00e9sitez pas, rejoignez-nous !<\/p><div class=\"ugb-button-container\"><a class=\"ugb-button ugb-button--size-medium ugb--hover-effect-scale ugb-button--design-plain\" href=\"https:\/\/gymvolontairesedanaise.com\/gvs\/association\/inscription\/\" rel=\"\" title=\"\"><span class=\"ugb-button--inner\">S&rsquo;inscrire<\/span><\/a><\/div><\/div><\/div><\/div><\/div><\/div>\n\n\n\n<p><\/p>\n<\/div>\n<\/div>\n\n\n\n<div style=\"height:32px\" aria-hidden=\"true\" class=\"wp-block-spacer\"><\/div>\n\n\n\n<h2 class=\"wp-block-heading\" id=\"actus\">Derni\u00e8res actualit\u00e9s<\/h2>\n\n\n<ul class=\"wp-block-latest-posts__list is-grid columns-3 has-dates is-style-twentytwentyone-latest-posts-borders wp-block-latest-posts\"><li><a class=\"wp-block-latest-posts__post-title\" href=\"https:\/\/gymvolontairesedanaise.com\/gvs\/telethon-2025\/\">RESULTATS DU TELETHON 2025<\/a><time datetime=\"2025-11-24T10:31:44+01:00\" class=\"wp-block-latest-posts__post-date\">2025-11-24<\/time><div class=\"wp-block-latest-posts__post-excerpt\"><\/div><\/li>\n<li><a class=\"wp-block-latest-posts__post-title\" href=\"https:\/\/gymvolontairesedanaise.com\/gvs\/octobre-rose-2\/\">Octobre rose<\/a><time datetime=\"2025-11-03T22:43:50+01:00\" class=\"wp-block-latest-posts__post-date\">2025-11-03<\/time><div class=\"wp-block-latest-posts__post-excerpt\">Un grand merci \u00e0 vous tous pour votre g\u00e9n\u00e9rosit\u00e9 ! Catherine, notre pr\u00e9sidente a \u00e9t\u00e9 tr\u00e8s \u00e9mue ce matin lors de l&rsquo;ouverture de la cagnotte avec l&rsquo;Atelier du Bon Sens.&hellip; <a class=\"more-link\" href=\"https:\/\/gymvolontairesedanaise.com\/gvs\/octobre-rose-2\/\">Poursuivre la lecture <span class=\"screen-reader-text\">Octobre rose<\/span><\/a><\/div><\/li>\n<li><a class=\"wp-block-latest-posts__post-title\" href=\"https:\/\/gymvolontairesedanaise.com\/gvs\/semaine-de-la-forme-du-29-septembre-au-3-octobre\/\">Photos de la semaine de la forme du 29 septembre au 3 octobre<\/a><time datetime=\"2025-09-24T16:48:31+02:00\" class=\"wp-block-latest-posts__post-date\">2025-09-24<\/time><div class=\"wp-block-latest-posts__post-excerpt\">Cours du lundi Cours du mardi Cours du jeudi Cours de vendredi<\/div><\/li>\n<li><a class=\"wp-block-latest-posts__post-title\" href=\"https:\/\/gymvolontairesedanaise.com\/gvs\/partenariat-avec-decathlon\/\">Partenariat avec DECATHLON<\/a><time datetime=\"2024-11-01T17:59:49+01:00\" class=\"wp-block-latest-posts__post-date\">2024-11-01<\/time><div class=\"wp-block-latest-posts__post-excerpt\"><\/div><\/li>\n<li><a class=\"wp-block-latest-posts__post-title\" href=\"https:\/\/gymvolontairesedanaise.com\/gvs\/contrat-dengagement-republicain\/\">Contrat d&rsquo;engagement r\u00e9publicain<\/a><time datetime=\"2024-02-07T15:17:40+01:00\" class=\"wp-block-latest-posts__post-date\">2024-02-07<\/time><div class=\"wp-block-latest-posts__post-excerpt\">La loi du 24 ao\u00fbt 2021 confortant le respect des principes de la R\u00e9publique a pos\u00e9 l&rsquo;obligation pour les associations et les fondations de souscrire un contrat d&rsquo;engagement r\u00e9publicain pour&hellip; <a class=\"more-link\" href=\"https:\/\/gymvolontairesedanaise.com\/gvs\/contrat-dengagement-republicain\/\">Poursuivre la lecture <span class=\"screen-reader-text\">Contrat d&rsquo;engagement r\u00e9publicain<\/span><\/a><\/div><\/li>\n<li><a class=\"wp-block-latest-posts__post-title\" href=\"https:\/\/gymvolontairesedanaise.com\/gvs\/licence-2020-2021\/\">LICENCE 2025-2026<\/a><time datetime=\"2023-09-15T16:54:27+02:00\" class=\"wp-block-latest-posts__post-date\">2023-09-15<\/time><div class=\"wp-block-latest-posts__post-excerpt\">Depuis la saison 2020-2021, votre licence n&rsquo;est plus envoy\u00e9e par La Poste mais directement dans votre bo\u00eete mails ; A vous de l&rsquo;imprimer !. En l&rsquo;absence de mail, connectez vous&hellip; <a class=\"more-link\" href=\"https:\/\/gymvolontairesedanaise.com\/gvs\/licence-2020-2021\/\">Poursuivre la lecture <span class=\"screen-reader-text\">LICENCE 2025-2026<\/span><\/a><\/div><\/li>\n<li><a class=\"wp-block-latest-posts__post-title\" href=\"https:\/\/gymvolontairesedanaise.com\/gvs\/compte-rendu-de-lag-du-129-novembre-2022\/\">Historique de la GVS<\/a><time datetime=\"2022-12-01T19:41:11+01:00\" class=\"wp-block-latest-posts__post-date\">2022-12-01<\/time><div class=\"wp-block-latest-posts__post-excerpt\">Discours lors de l&rsquo;AG du 18 novembre 2022<\/div><\/li>\n<li><a class=\"wp-block-latest-posts__post-title\" href=\"https:\/\/gymvolontairesedanaise.com\/gvs\/fin-du-certificat-medical\/\">Fin du certificat m\u00e9dical<\/a><time datetime=\"2022-07-18T10:06:31+02:00\" class=\"wp-block-latest-posts__post-date\">2022-07-18<\/time><div class=\"wp-block-latest-posts__post-excerpt\"><\/div><\/li>\n<li><a class=\"wp-block-latest-posts__post-title\" href=\"https:\/\/gymvolontairesedanaise.com\/gvs\/cours-de-line-dance\/\">Cours de Line dance<\/a><time datetime=\"2021-09-02T11:01:07+02:00\" class=\"wp-block-latest-posts__post-date\">2021-09-02<\/time><div class=\"wp-block-latest-posts__post-excerpt\">Un nouveau cr\u00e9neau vous est propos\u00e9 entre midi, le jeudi de 12h15 \u00e0 13h15 \u00e0 partir du 9 septembre ! Si la fr\u00e9quentation est bonne, il pourra devenir r\u00e9gulier !<\/div><\/li>\n<\/ul>\n\n\n<p>Lien vers <a href=\"https:\/\/gymvolontairesedanaise.com\/gvs\/actus\/\" data-type=\"page\" data-id=\"3852\">toutes les actualit\u00e9s<\/a><\/p>\n","protected":false},"excerpt":{"rendered":"<p>Gym Volontaire Sedanaise Bienvenue La GVS, c&rsquo;est &#8230; Une activit\u00e9 sportive adapt\u00e9e Association cr\u00e9\u00e9e en 1970, plus de 400 adh\u00e9rent(e)s. Conna\u00eetre l&rsquo;association Des coursdiversifi\u00e9s Le choix parmi une vingtaine d&rsquo;activit\u00e9s accompagn\u00e9es par des animateurs et animatrices exp\u00e9riment\u00e9(e)s D\u00e9couvrir les activit\u00e9s Une ambiance conviviale D\u00e9couvrez le planning des animations Planning des cours Un tarif accessible N&rsquo;h\u00e9sitez&hellip; <a class=\"more-link\" href=\"https:\/\/gymvolontairesedanaise.com\/gvs\/\">Poursuivre la lecture <span class=\"screen-reader-text\">Accueil<\/span><\/a><\/p>\n","protected":false},"author":5,"featured_media":0,"parent":0,"menu_order":0,"comment_status":"closed","ping_status":"closed","template":"","meta":[],"featured_image_urls":{"full":""},"post_excerpt_stackable":"<p>Gym Volontaire Sedanaise Bienvenue La GVS, c&rsquo;est &#8230;Une activit\u00e9 sportive adapt\u00e9eAssociation cr\u00e9\u00e9e en 1970, plus de 400 adh\u00e9rent(e)s.Conna\u00eetre l&rsquo;associationDes coursdiversifi\u00e9sLe choix parmi une vingtaine d&rsquo;activit\u00e9s accompagn\u00e9es par des animateurs et animatrices exp\u00e9riment\u00e9(e)sD\u00e9couvrir les activit\u00e9sUne ambiance convivialeD\u00e9couvrez le planning des animationsPlanning des coursUn tarif accessibleN&rsquo;h\u00e9sitez pas, rejoignez-nous !S&rsquo;inscrire Derni\u00e8res actualit\u00e9s RESULTATS DU TELETHON 20252025-11-24 Octobre rose2025-11-03Un grand merci \u00e0 vous tous pour votre g\u00e9n\u00e9rosit\u00e9 ! Catherine, notre pr\u00e9sidente a \u00e9t\u00e9 tr\u00e8s \u00e9mue ce matin lors de l&rsquo;ouverture de la cagnotte avec l&rsquo;Atelier du Bon Sens.&hellip; Poursuivre la lecture Octobre rose Photos de la semaine de la forme du 29 septembre au\u2026<\/p>\n","category_list":"","author_info":{"name":"Arno","url":"https:\/\/gymvolontairesedanaise.com\/gvs"},"comments_num":"0 comments","featured_image_urls_v2":{"full":"","thumbnail":"","medium":"","medium_large":"","large":"","1536x1536":"","2048x2048":"","post-thumbnail":""},"post_excerpt_stackable_v2":"<p>Gym Volontaire Sedanaise Bienvenue La GVS, c&rsquo;est &#8230;Une activit\u00e9 sportive adapt\u00e9eAssociation cr\u00e9\u00e9e en 1970, plus de 400 adh\u00e9rent(e)s.Conna\u00eetre l&rsquo;associationDes coursdiversifi\u00e9sLe choix parmi une vingtaine d&rsquo;activit\u00e9s accompagn\u00e9es par des animateurs et animatrices exp\u00e9riment\u00e9(e)sD\u00e9couvrir les activit\u00e9sUne ambiance convivialeD\u00e9couvrez le planning des animationsPlanning des coursUn tarif accessibleN&rsquo;h\u00e9sitez pas, rejoignez-nous !S&rsquo;inscrire Derni\u00e8res actualit\u00e9s RESULTATS DU TELETHON 20252025-11-24 Octobre rose2025-11-03Un grand merci \u00e0 vous tous pour votre g\u00e9n\u00e9rosit\u00e9 ! Catherine, notre pr\u00e9sidente a \u00e9t\u00e9 tr\u00e8s \u00e9mue ce matin lors de l&rsquo;ouverture de la cagnotte avec l&rsquo;Atelier du Bon Sens.&hellip; Poursuivre la lecture Octobre rose Photos de la semaine de la forme du 29 septembre au\u2026<\/p>\n","category_list_v2":"","author_info_v2":{"name":"Arno","url":"https:\/\/gymvolontairesedanaise.com\/gvs"},"comments_num_v2":"0 comments","_links":{"self":[{"href":"https:\/\/gymvolontairesedanaise.com\/gvs\/wp-json\/wp\/v2\/pages\/3754"}],"collection":[{"href":"https:\/\/gymvolontairesedanaise.com\/gvs\/wp-json\/wp\/v2\/pages"}],"about":[{"href":"https:\/\/gymvolontairesedanaise.com\/gvs\/wp-json\/wp\/v2\/types\/page"}],"author":[{"embeddable":true,"href":"https:\/\/gymvolontairesedanaise.com\/gvs\/wp-json\/wp\/v2\/users\/5"}],"replies":[{"embeddable":true,"href":"https:\/\/gymvolontairesedanaise.com\/gvs\/wp-json\/wp\/v2\/comments?post=3754"}],"version-history":[{"count":19,"href":"https:\/\/gymvolontairesedanaise.com\/gvs\/wp-json\/wp\/v2\/pages\/3754\/revisions"}],"predecessor-version":[{"id":5233,"href":"https:\/\/gymvolontairesedanaise.com\/gvs\/wp-json\/wp\/v2\/pages\/3754\/revisions\/5233"}],"wp:attachment":[{"href":"https:\/\/gymvolontairesedanaise.com\/gvs\/wp-json\/wp\/v2\/media?parent=3754"}],"curies":[{"name":"wp","href":"https:\/\/api.w.org\/{rel}","templated":true}]}}

<h1 class="has-text-align-center home_titre wp-block-heading" id="gym-volontaire-sedanaise" style="font-size:45px;line-height:1.5"><strong>G</strong>ym Volontaire Sedanaise</h1>



<h2 class="has-text-align-center home_bienvenue has-extra-large-font-size wp-block-heading" id="bienvenue" style="line-height:1.7"><strong>Bienvenue</strong></h2>



<div style="height:31px" aria-hidden="true" class="wp-block-spacer"></div>



<div class="wp-block-columns tableau_home is-layout-flex wp-container-2">
<div class="wp-block-column is-layout-flow">
<div class="alignwide wp-block-ugb-feature-grid ugb-feature-grid boutonhome ugb-a2329e4 ugb-feature-grid--v2 ugb-feature-grid--columns-4 ugb-feature-grid--design-basic ugb-main-block"><style>.ugb-a2329e4 .ugb-feature-grid__item{border-radius:16px !important}.ugb-a2329e4 .ugb-feature-grid__title{color:#0088ff;font-size:25px !important;font-weight:700 !important;text-align:center;margin-bottom:30px !important}.ugb-a2329e4 .ugb-feature-grid__description{text-align:center;margin-bottom:30px !important}.ugb-a2329e4 .ugb-button .ugb-button--inner{font-family:-apple-system,BlinkMacSystemFont,"Segoe UI",Roboto,Helvetica,Arial,sans-serif,"Apple Color Emoji","Segoe UI Emoji","Segoe UI Symbol" !important;font-size:18px !important;font-weight:600 !important}.ugb-a2329e4 .ugb-button{opacity:1}.ugb-a2329e4 .ugb-button:hover{opacity:1}.ugb-a2329e4 .ugb-button-container{text-align:center !important;margin-bottom:0px !important}.ugb-a2329e4 .ugb-inner-block{text-align:center}@media screen and (min-width:768px){.ugb-a2329e4.ugb-feature-grid{margin-top:0px !important}}</style><div class="ugb-inner-block"><h3 class="ugb-block-title">La GVS, c&rsquo;est &#8230;</h3><div class="ugb-block-content"><div class="ugb-feature-grid__item ugb-feature-grid__item1 ugb--shadow-3"><div class="ugb-feature-grid__content"><h5 class="ugb-feature-grid__title">Une activité sportive <br>adaptée</h5><p class="ugb-feature-grid__description">Association créée en 1970, plus de 400 adhérent(e)s.</p><div class="ugb-button-container"><a class="ugb-button ugb-button--size-medium ugb--hover-effect-scale ugb-button--design-plain" href="https://gymvolontairesedanaise.com/gvs/association/" rel="" title=""><span class="ugb-button--inner">Connaître l&rsquo;association</span></a></div></div></div><div class="ugb-feature-grid__item ugb-feature-grid__item2 ugb--shadow-3"><div class="ugb-feature-grid__content"><h5 class="ugb-feature-grid__title">Des cours<br>diversifiés</h5><p class="ugb-feature-grid__description">Le choix parmi une vingtaine d&rsquo;activités accompagnées par des animateurs et animatrices expérimenté(e)s</p><div class="ugb-button-container"><a class="ugb-button ugb-button--size-medium ugb--hover-effect-scale ugb-button--design-plain" href="https://gymvolontairesedanaise.com/gvs/activites/" rel="" title=""><span class="ugb-button--inner">Découvrir les activités</span></a></div></div></div><div class="ugb-feature-grid__item ugb-feature-grid__item3 ugb--shadow-3"><div class="ugb-feature-grid__content"><h5 class="ugb-feature-grid__title">Une ambiance conviviale</h5><p class="ugb-feature-grid__description">Découvrez le planning des animations</p><div class="ugb-button-container"><a class="ugb-button ugb-button--size-medium ugb--hover-effect-scale ugb-button--design-plain" href="https://gymvolontairesedanaise.com/gvs/planning/" rel="" title=""><span class="ugb-button--inner">Planning des cours</span></a></div></div></div><div class="ugb-feature-grid__item ugb-feature-grid__item4 ugb--shadow-3"><div class="ugb-feature-grid__content"><h5 class="ugb-feature-grid__title">Un tarif accessible</h5><p class="ugb-feature-grid__description">N&rsquo;hésitez pas, rejoignez-nous !</p><div class="ugb-button-container"><a class="ugb-button ugb-button--size-medium ugb--hover-effect-scale ugb-button--design-plain" href="https://gymvolontairesedanaise.com/gvs/association/inscription/" rel="" title=""><span class="ugb-button--inner">S&rsquo;inscrire</span></a></div></div></div></div></div></div>



<p></p>
</div>
</div>



<div style="height:32px" aria-hidden="true" class="wp-block-spacer"></div>



<h2 class="wp-block-heading" id="actus">Dernières actualités</h2>


<ul class="wp-block-latest-posts__list is-grid columns-3 has-dates is-style-twentytwentyone-latest-posts-borders wp-block-latest-posts"><li><a class="wp-block-latest-posts__post-title" href="https://gymvolontairesedanaise.com/gvs/telethon-2025/">RESULTATS DU TELETHON 2025</a><time datetime="2025-11-24T10:31:44+01:00" class="wp-block-latest-posts__post-date">2025-11-24</time><div class="wp-block-latest-posts__post-excerpt"></div></li>
<li><a class="wp-block-latest-posts__post-title" href="https://gymvolontairesedanaise.com/gvs/octobre-rose-2/">Octobre rose</a><time datetime="2025-11-03T22:43:50+01:00" class="wp-block-latest-posts__post-date">2025-11-03</time><div class="wp-block-latest-posts__post-excerpt">Un grand merci à vous tous pour votre générosité ! Catherine, notre présidente a été très émue ce matin lors de l&rsquo;ouverture de la cagnotte avec l&rsquo;Atelier du Bon Sens.&hellip; <a class="more-link" href="https://gymvolontairesedanaise.com/gvs/octobre-rose-2/">Poursuivre la lecture <span class="screen-reader-text">Octobre rose</span></a></div></li>
<li><a class="wp-block-latest-posts__post-title" href="https://gymvolontairesedanaise.com/gvs/semaine-de-la-forme-du-29-septembre-au-3-octobre/">Photos de la semaine de la forme du 29 septembre au 3 octobre</a><time datetime="2025-09-24T16:48:31+02:00" class="wp-block-latest-posts__post-date">2025-09-24</time><div class="wp-block-latest-posts__post-excerpt">Cours du lundi Cours du mardi Cours du jeudi Cours de vendredi</div></li>
<li><a class="wp-block-latest-posts__post-title" href="https://gymvolontairesedanaise.com/gvs/partenariat-avec-decathlon/">Partenariat avec DECATHLON</a><time datetime="2024-11-01T17:59:49+01:00" class="wp-block-latest-posts__post-date">2024-11-01</time><div class="wp-block-latest-posts__post-excerpt"></div></li>
<li><a class="wp-block-latest-posts__post-title" href="https://gymvolontairesedanaise.com/gvs/contrat-dengagement-republicain/">Contrat d&rsquo;engagement républicain</a><time datetime="2024-02-07T15:17:40+01:00" class="wp-block-latest-posts__post-date">2024-02-07</time><div class="wp-block-latest-posts__post-excerpt">La loi du 24 août 2021 confortant le respect des principes de la République a posé l&rsquo;obligation pour les associations et les fondations de souscrire un contrat d&rsquo;engagement républicain pour&hellip; <a class="more-link" href="https://gymvolontairesedanaise.com/gvs/contrat-dengagement-republicain/">Poursuivre la lecture <span class="screen-reader-text">Contrat d&rsquo;engagement républicain</span></a></div></li>
<li><a class="wp-block-latest-posts__post-title" href="https://gymvolontairesedanaise.com/gvs/licence-2020-2021/">LICENCE 2025-2026</a><time datetime="2023-09-15T16:54:27+02:00" class="wp-block-latest-posts__post-date">2023-09-15</time><div class="wp-block-latest-posts__post-excerpt">Depuis la saison 2020-2021, votre licence n&rsquo;est plus envoyée par La Poste mais directement dans votre boîte mails ; A vous de l&rsquo;imprimer !. En l&rsquo;absence de mail, connectez vous&hellip; <a class="more-link" href="https://gymvolontairesedanaise.com/gvs/licence-2020-2021/">Poursuivre la lecture <span class="screen-reader-text">LICENCE 2025-2026</span></a></div></li>
<li><a class="wp-block-latest-posts__post-title" href="https://gymvolontairesedanaise.com/gvs/compte-rendu-de-lag-du-129-novembre-2022/">Historique de la GVS</a><time datetime="2022-12-01T19:41:11+01:00" class="wp-block-latest-posts__post-date">2022-12-01</time><div class="wp-block-latest-posts__post-excerpt">Discours lors de l&rsquo;AG du 18 novembre 2022</div></li>
<li><a class="wp-block-latest-posts__post-title" href="https://gymvolontairesedanaise.com/gvs/fin-du-certificat-medical/">Fin du certificat médical</a><time datetime="2022-07-18T10:06:31+02:00" class="wp-block-latest-posts__post-date">2022-07-18</time><div class="wp-block-latest-posts__post-excerpt"></div></li>
<li><a class="wp-block-latest-posts__post-title" href="https://gymvolontairesedanaise.com/gvs/cours-de-line-dance/">Cours de Line dance</a><time datetime="2021-09-02T11:01:07+02:00" class="wp-block-latest-posts__post-date">2021-09-02</time><div class="wp-block-latest-posts__post-excerpt">Un nouveau créneau vous est proposé entre midi, le jeudi de 12h15 à 13h15 à partir du 9 septembre ! Si la fréquentation est bonne, il pourra devenir régulier !</div></li>
</ul>


<p>Lien vers <a href="https://gymvolontairesedanaise.com/gvs/actus/" data-type="page" data-id="3852">toutes les actualités</a></p>

<p>Gym Volontaire Sedanaise Bienvenue La GVS, c&rsquo;est &#8230; Une activité sportive adaptée Association créée en 1970, plus de 400 adhérent(e)s. Connaître l&rsquo;association Des coursdiversifiés Le choix parmi une vingtaine d&rsquo;activités accompagnées par des animateurs et animatrices expérimenté(e)s Découvrir les activités Une ambiance conviviale Découvrez le planning des animations Planning des cours Un tarif accessible N&rsquo;hésitez&hellip; <a class="more-link" href="https://gymvolontairesedanaise.com/gvs/">Poursuivre la lecture <span class="screen-reader-text">Accueil</span></a></p>

<p>Gym Volontaire Sedanaise Bienvenue La GVS, c&rsquo;est &#8230;Une activité sportive adaptéeAssociation créée en 1970, plus de 400 adhérent(e)s.Connaître l&rsquo;associationDes coursdiversifiésLe choix parmi une vingtaine d&rsquo;activités accompagnées par des animateurs et animatrices expérimenté(e)sDécouvrir les activitésUne ambiance convivialeDécouvrez le planning des animationsPlanning des coursUn tarif accessibleN&rsquo;hésitez pas, rejoignez-nous !S&rsquo;inscrire Dernières actualités RESULTATS DU TELETHON 20252025-11-24 Octobre rose2025-11-03Un grand merci à vous tous pour votre générosité ! Catherine, notre présidente a été très émue ce matin lors de l&rsquo;ouverture de la cagnotte avec l&rsquo;Atelier du Bon Sens.&hellip; Poursuivre la lecture Octobre rose Photos de la semaine de la forme du 29 septembre au…</p>
